 k = 383 - 342. What is the remainder when 78 is divided by k?
37
Let i = -252 - -320. What is the remainder when i is divided by 4?
0
Suppose -2*w + 52 = 2*w. What is the remainder when 30 is divided by w?
4
Suppose 169 = 22*p - 9*p. Calculate the remainder when 37 is divided by p.
11
Calculate the remainder when 179 + ((-72)/3)/(-4) is divided by 38.
33
Suppose -14 = 3*w - 4*m, -2*m = 7*w - 2*w - 20. Suppose -35 = -w*a - 11. Calculate the remainder when 15 is divided by 110/a - 6/36.
6
Let c = -6945 - -6980. Suppose -3 = -x + 3. Calculate the remainder when c is divided by x.
5
Suppose 0 = 4*r - 4*n - 11 - 81, 90 = 4*r - 3*n. Calculate the remainder when 291 is divided by r.
18
Let z(j) = 10*j**2 + 33*j - 59. Calculate the remainder when z(-5) is divided by 16.
10
Suppose 4*z - 155 = w, -4*z = -z + 4*w - 121. Calculate the remainder when z is divided by (1 + 10/(-3))/((-24)/144).
11
Let i = 9434 - 9424. Suppose 2*p - 4*r - 62 = 0, -r + 113 = 3*p - 3*r. Calculate the remainder when p is divided by i.
1
Let h be 138/(-115)*110/3. Let j = -41 - h. What is the remainder when 34 is divided by j?
1
Let m(n) = -n**3 - 11*n**2 - 13*n - 10. Let t = -34 - -24. What is the remainder when m(t) is divided by 12?
8
Suppose -53 = 9*r + 73. Let d = r - -29. Calculate the remainder when 162 is divided by d.
12
Suppose 2*p = -i + 24, -3*p = 2 - 8. Calculate the remainder when 517 is divided by i.
17
Suppose 1 + 36 = -4*i - 5*t, 3*t + 30 = -5*i. Let p be i - (-4 + (-96)/3). Suppose -3*k + 21 + p = 0. Calculate the remainder when k is divided by 10.
8
Suppose 5*w = 7 + 8. Suppose -2*t - d + 3*d = -162, -d + w = 0. Calculate the remainder when t is divided by 22.
18
Let g(o) be the first derivative of -o**4/4 - 4*o**3/3 - 3*o**2/2 - 8*o - 17. What is the remainder when g(-5) is divided by 9?
5
Suppose -4*x + 74 = -2*z, 50 = 5*x + 5*z - 35. Calculate the remainder when 28 is divided by x.
10
Suppose -h + 3*h + 5*k - 98 = 0, -3*k + 12 = 0. What is the remainder when 16 is divided by (-2)/(-3) + 91/h?
1
Let h be 12/(-3)*(-15)/4. Suppose 34*k = 33*k + 43. Let m = k + h. Calculate the remainder when m is divided by 15.
13
Let n(c) = c**2 - c - 6. What is the remainder when 40 is divided by n(6)?
16
Let w = -15 - -18. Suppose -j = w*j + d - 89, 3*j = -4*d + 57. What is the remainder when j is divided by 5?
3
Let x = 49 - 32. Let w be (-2)/4 + 26/4. Calculate the remainder when 299/w + 4/24 is divided by x.
16
Let i(h) = -h**3 + 11*h**2 - 5*h - 4. Calculate the remainder when 64 is divided by i(10).
18
Suppose -2*b + 4*b = -2*q + 20, 5*q + 4*b = 55. Calculate the remainder when (0 + 4)*1*7 is divided by q.
13
Suppose 5*p = 14 + 161. Let t = -7013 + 7151. Calculate the remainder when t is divided by p.
33
Suppose 3*a + n = -2*a - 82, -2*a = 3*n + 38. Suppose -5*x - 31 = -4*x. Let s = a - x. Calculate the remainder when 42 is divided by s.
12
Let h(k) = -2*k**2 - 3*k + 7. Let d be h(3). Let j = -7 - d. Calculate the remainder when j is divided by (-5)/15 + (-20)/(-6).
1
Let u = 132 - -345. Calculate the remainder when u is divided by 125.
102
Suppose 47 = -5*i + 182. Let k = 10069 - 9882. What is the remainder when k is divided by i?
25
Suppose 3*j + 51 = 2*s, 43 = 3*s + 2*j - 1. What is the remainder when 24 is divided by s?
6
Let h = 548 - 539. Let t(m) = -m + 9. Calculate the remainder when h is divided by t(6).
0
Let s be ((-18)/(-15))/(3 - (-13)/(-5)). Suppose -5*b = s*b - 72. What is the remainder when (-2)/5 + (-244)/(-10) is divided by b?
6
Calculate the remainder when 191 is divided by (5/(30/12))/((-3)/(-72)).
47
Suppose -52 = -2*f - 4*w, f - 3*w + 94 = 5*f. Let s(z) = z**2 - 7*z - 3. What is the remainder when f is divided by s(8)?
2
Suppose 31*t - 10*t = 1155. What is the remainder when t is divided by 3?
1
Let p be (6 + -7)/(1/(-13)). Suppose -p = -0*f - f. Let h(j) = 14*j - 3. What is the remainder when h(2) is divided by f?
12
Suppose 13*u + u - 7098 = 0. Calculate the remainder when u is divided by 30.
27
Suppose -3*b + 25 = -8. Let g(a) = a**2 - 15*a - 1. Calculate the remainder when g(16) is divided by b.
4
Suppose -3*s - 14 = -5*s. Suppose -s*o = -6*o - 7. What is the remainder when 9 is divided by o?
2
Let k(g) = -g**3 - 7*g**2 - 6*g - 13. Let f(x) = x**3 - x**2 + 3*x - 4. What is the remainder when k(-7) is divided by f(2)?
5
Let q = 78 + -47. Let c(v) = -45*v + 31. What is the remainder when c(-2) is divided by q?
28
What is the remainder when (10/3)/(5 + 2299/(-462)) is divided by 24?
20
Let i(b) = b**3 - 2*b**2 - b + 14. Calculate the remainder when 94 is divided by i(4).
10
Suppose 0 = 21*r - 20*r - a - 103, -5*r + 2*a = -518. Calculate the remainder when 935 is divided by r.
103
Let r = 112 - 67. Let y be (-440)/11*4/(-10). Let m = y + r. What is the remainder when m is divided by 21?
19
Suppose -3*b - 4*t - 14 = 0, -4*b - b = -t + 31. Let q = b + 19. Suppose 5*d + 3*n = 39, d = -0*n + 2*n + q. What is the remainder when 16 is divided by d?
7
Calculate the remainder when 296/2*(-2)/((-26)/65) is divided by 13.
12
Let p(t) = t**2 + 13*t - 10. Let c be p(6). Suppose 3*d + d + 4*f = 440, -f - c = -d. Calculate the remainder when d is divided by 29.
20
Let p(y) = -y**3 + 23*y**2 + 1. Let v be p(23). Suppose 0 = -2*m + 43 - v. Calculate the remainder when 62 is divided by m.
20
Calculate the remainder when 70 is divided by ((-5)/2)/(19/(-190)).
20
Suppose -l + 45 - 7 = -4*j, 3*j + 141 = 3*l. Calculate the remainder when l is divided by 49.
1
Suppose -o - 7*s - 13 = -2*s, 3*o - 18 = 4*s. Let d(z) = -8*z**2 + 5*z - 6. Let w be d(3). Calculate the remainder when o is divided by 13/7 - 9/w.
0
Let r(h) be the third derivative of -h**4/12 + h**3/6 - 8*h**2. What is the remainder when 50 is divided by r(-6)?
11
Let q = -111 - -523. What is the remainder when q is divided by 139?
134
Suppose 0 = n - 12 - 1. Let u = n - 2. Suppose 0 = 21*w - 13*w - 256. What is the remainder when w is divided by u?
10
Suppose 288 = -4*o + 8*o. Calculate the remainder when o is divided by 44.
28
Let l = 521 + -405. What is the remainder when l is divided by 11?
6
Let u be ((-15)/6)/(9/(-18)). What is the remainder when 1136/20 - (-1)/u is divided by 10?
7
Let q = -70 - -82. What is the remainder when 117 is divided by q?
9
Let m(i) = 4*i**2 - 2*i. Let u be m(1). Calculate the remainder when 56 is divided by (-1)/(u + 4/(76/(-39))).
18
Suppose 17*w + 12*w = 580. Calculate the remainder when 192 is divided by w.
12
Let w = 226 - 126. Let x = w + -33. Let k = 43 + -26. Calculate the remainder when x is divided by k.
16
What is the remainder when -2*((-304)/(-32))/((-2)/4) is divided by 208/20 + (-4)/10?
8
Let m = 199 + -178. What is the remainder when m is divided by 12?
9
Let v = -51 - -65. What is the remainder when 97 is divided by v?
13
Let w = -5 - -37. Let f = w + -30. Suppose 3*i - 109 = -f*q, -i = q - 0*i - 52. Calculate the remainder when q is divided by 12.
11
Let n(o) = -2*o**2 + 15*o + 12. Let c be n(8). Suppose -63 = -5*v - c*g, -v - 5*g = v - 15. Calculate the remainder when 56 is divided by v.
11
Suppose -123*b = -107*b - 208. What is the remainder when 60 is divided by b?
8
Suppose -121*b + 196 = -120*b. What is the remainder when b is divided by 72?
52
Let y(m) = -m**2 + 16*m - 9. Let z be y(11). Suppose -s = -v - 3*v - z, -s + v = -46. Suppose -s = -4*l - 2. Calculate the remainder when l is divided by 7.
4
Suppose -4*z - 2*o - 10 = 0, 3*z + 2*o + 10 = o. Let p = 60 - 48. Calculate the remainder when (-19 - z)*3/(-2) is divided by p.
9
Calculate the remainder when 53 is divided by (388/14 - (-8)/28)/1.
25
Let r be (-1353)/(-6)*2/1. Let i = 751 - r. Suppose i = 3*o + o. Calculate the remainder when o is divided by 19.
18
Suppose -3*c - 3*p = p - 57, 2*p = 0. Let y(o) = 4*o - 18. Suppose -d = 3*d - 28. What is the remainder when c is divided by y(d)?
9
Suppose 29 = 3*j - 7. Calculate the remainder when ((-40)/28 - -2)/(10/385) is divided by j.
10
Suppose -k = -4*p - 6, -k - 4*p = -3*k + 24. Suppose j + 2*j - 33 = 0. Calculate the remainder when k is divided by j.
7
Suppose -3*w - 2*w = -160. Calculate the remainder when ((-2)/4)/((-5)/(-40)) + w is divided by 5.
3
Suppose -4*f + 72 = 4*z, 3*f + 3*z + 54 = 6*f. Let j = 69 - 59. What is the remainder when f is 